{"id":1537,"date":"2023-10-17T09:00:07","date_gmt":"2023-10-17T09:00:07","guid":{"rendered":"https:\/\/www.resortanticoverbano.com\/die-ferienwohnungen\/monolocale-superior-con-patio-o-terrazza\/"},"modified":"2025-05-05T09:27:18","modified_gmt":"2025-05-05T09:27:18","slug":"superior-studio-mit-privatem-aussenbereich","status":"publish","type":"page","link":"https:\/\/www.resortanticoverbano.com\/de\/die-ferienwohnungen\/superior-studio-mit-privatem-aussenbereich\/","title":{"rendered":"Superior-Studio"},"content":{"rendered":"<p>Ferienwohnung von ca. <strong>25\u00a0m\u00b2<\/strong> f\u00fcr <strong>2\u00a0Personen<\/strong> im Erdgeschoss mit ca. 10\u00a0m\u00b2 gro\u00dfem privatem Innenhof oder im ersten Stock mit Terrasse.<\/p>\n<p>Bestehend aus einem Schlafzimmer mit Doppelbett und einer K\u00fcche au\u00dferhalb des Schlafzimmers.<\/p>\n<p>Alle Wohnungen unterscheiden sich in Struktur, Ausstattung und Lage, was ihnen einen exklusiven Charakter verleiht.<\/p>\n<p>&nbsp;<\/p>\n","protected":false},"excerpt":{"rendered":"<p>Ferienwohnung von ca. 25\u00a0m\u00b2 f\u00fcr 2\u00a0Personen im Erdgeschoss mit ca. 10\u00a0m\u00b2 gro\u00dfem privatem Innenhof oder im ersten Stock mit Terrasse. Bestehend aus einem Schlafzimmer mit Doppelbett und einer K\u00fcche au\u00dferhalb des Schlafzimmers. Alle Wohnungen unterscheiden sich in Struktur, Ausstattung und Lage, was ihnen einen exklusiven Charakter verleiht. &nbsp;<\/p>\n","protected":false},"author":12,"featured_media":0,"parent":1409,"menu_order":9,"comment_status":"closed","ping_status":"closed","template":"template-single-room.php","meta":{"footnotes":""},"yoast_head":"<!-- This site is optimized with the Yoast SEO plugin v22.3 - https:\/\/yoast.com\/wordpress\/plugins\/seo\/ -->\n<title>Superior-Studio - Resort Antico Verbano<\/title>\n<meta name=\"description\" content=\"Superior-Studio - Resort Antico Verbano\" \/>\n<meta name=\"robots\" content=\"index, follow, max-snippet:-1, max-video-preview:-1, noimageindex\" \/>\n<link rel=\"canonical\" href=\"https:\/\/www.resortanticoverbano.com\/de\/die-ferienwohnungen\/superior-studio-mit-privatem-aussenbereich\/\" \/>\n<meta property=\"og:locale\" content=\"de_DE\" \/>\n<meta property=\"og:type\" content=\"article\" \/>\n<meta property=\"og:title\" content=\"Superior-Studio - Resort Antico Verbano\" \/>\n<meta property=\"og:description\" content=\"Superior-Studio - Resort Antico Verbano\" \/>\n<meta property=\"og:url\" content=\"https:\/\/www.resortanticoverbano.com\/de\/die-ferienwohnungen\/superior-studio-mit-privatem-aussenbereich\/\" \/>\n<meta property=\"og:site_name\" content=\"Resort Antico Verbano\" \/>\n<meta property=\"article:modified_time\" content=\"2025-05-05T09:27:18+00:00\" \/>\n<meta name=\"twitter:card\" content=\"summary_large_image\" \/>\n<meta name=\"twitter:label1\" content=\"Gesch\u00e4tzte Lesezeit\" \/>\n\t<meta name=\"twitter:data1\" content=\"1 Minute\" \/>\n<script type=\"application\/ld+json\" class=\"yoast-schema-graph\">{\"@context\":\"https:\/\/schema.org\",\"@graph\":[{\"@type\":\"WebPage\",\"@id\":\"https:\/\/www.resortanticoverbano.com\/de\/die-ferienwohnungen\/superior-studio-mit-privatem-aussenbereich\/\",\"url\":\"https:\/\/www.resortanticoverbano.com\/de\/die-ferienwohnungen\/superior-studio-mit-privatem-aussenbereich\/\",\"name\":\"Superior-Studio - Resort Antico Verbano\",\"isPartOf\":{\"@id\":\"https:\/\/www.resortanticoverbano.com\/de\/#website\"},\"datePublished\":\"2023-10-17T09:00:07+00:00\",\"dateModified\":\"2025-05-05T09:27:18+00:00\",\"description\":\"Superior-Studio - Resort Antico Verbano\",\"breadcrumb\":{\"@id\":\"https:\/\/www.resortanticoverbano.com\/de\/die-ferienwohnungen\/superior-studio-mit-privatem-aussenbereich\/#breadcrumb\"},\"inLanguage\":\"de-DE\",\"potentialAction\":[{\"@type\":\"ReadAction\",\"target\":[\"https:\/\/www.resortanticoverbano.com\/de\/die-ferienwohnungen\/superior-studio-mit-privatem-aussenbereich\/\"]}]},{\"@type\":\"BreadcrumbList\",\"@id\":\"https:\/\/www.resortanticoverbano.com\/de\/die-ferienwohnungen\/superior-studio-mit-privatem-aussenbereich\/#breadcrumb\",\"itemListElement\":[{\"@type\":\"ListItem\",\"position\":1,\"name\":\"Home\",\"item\":\"https:\/\/www.resortanticoverbano.com\/de\/\"},{\"@type\":\"ListItem\",\"position\":2,\"name\":\"Die Ferienwohnungen\",\"item\":\"https:\/\/www.resortanticoverbano.com\/de\/die-ferienwohnungen\/\"},{\"@type\":\"ListItem\",\"position\":3,\"name\":\"Superior-Studio\"}]},{\"@type\":\"WebSite\",\"@id\":\"https:\/\/www.resortanticoverbano.com\/de\/#website\",\"url\":\"https:\/\/www.resortanticoverbano.com\/de\/\",\"name\":\"Resort Antico Verbano\",\"description\":\"\",\"publisher\":{\"@id\":\"https:\/\/www.resortanticoverbano.com\/de\/#organization\"},\"potentialAction\":[{\"@type\":\"SearchAction\",\"target\":{\"@type\":\"EntryPoint\",\"urlTemplate\":\"https:\/\/www.resortanticoverbano.com\/de\/?s={search_term_string}\"},\"query-input\":\"required name=search_term_string\"}],\"inLanguage\":\"de-DE\"},{\"@type\":\"Organization\",\"@id\":\"https:\/\/www.resortanticoverbano.com\/de\/#organization\",\"name\":\"Resort Antico Verbano\",\"url\":\"https:\/\/www.resortanticoverbano.com\/de\/\",\"logo\":{\"@type\":\"ImageObject\",\"inLanguage\":\"de-DE\",\"@id\":\"https:\/\/www.resortanticoverbano.com\/de\/#\/schema\/logo\/image\/\",\"url\":\"https:\/\/www.resortanticoverbano.com\/wp-content\/uploads\/sites\/66\/2023\/09\/Logo-Antico-Verbano-2023.png\",\"contentUrl\":\"https:\/\/www.resortanticoverbano.com\/wp-content\/uploads\/sites\/66\/2023\/09\/Logo-Antico-Verbano-2023.png\",\"width\":500,\"height\":132,\"caption\":\"Resort Antico Verbano\"},\"image\":{\"@id\":\"https:\/\/www.resortanticoverbano.com\/de\/#\/schema\/logo\/image\/\"},\"sameAs\":[\"https:\/\/www.instagram.com\/h.residence_anticoverbano\/\"]}]}<\/script>\n<!-- \/ Yoast SEO plugin. -->","yoast_head_json":{"title":"Superior-Studio - Resort Antico Verbano","description":"Superior-Studio - Resort Antico Verbano","robots":{"index":"index","follow":"follow","max-snippet":"max-snippet:-1","max-video-preview":"max-video-preview:-1","imageindex":"noimageindex"},"canonical":"https:\/\/www.resortanticoverbano.com\/de\/die-ferienwohnungen\/superior-studio-mit-privatem-aussenbereich\/","og_locale":"de_DE","og_type":"article","og_title":"Superior-Studio - Resort Antico Verbano","og_description":"Superior-Studio - Resort Antico Verbano","og_url":"https:\/\/www.resortanticoverbano.com\/de\/die-ferienwohnungen\/superior-studio-mit-privatem-aussenbereich\/","og_site_name":"Resort Antico Verbano","article_modified_time":"2025-05-05T09:27:18+00:00","twitter_card":"summary_large_image","twitter_misc":{"Gesch\u00e4tzte Lesezeit":"1 Minute"},"schema":{"@context":"https:\/\/schema.org","@graph":[{"@type":"WebPage","@id":"https:\/\/www.resortanticoverbano.com\/de\/die-ferienwohnungen\/superior-studio-mit-privatem-aussenbereich\/","url":"https:\/\/www.resortanticoverbano.com\/de\/die-ferienwohnungen\/superior-studio-mit-privatem-aussenbereich\/","name":"Superior-Studio - Resort Antico Verbano","isPartOf":{"@id":"https:\/\/www.resortanticoverbano.com\/de\/#website"},"datePublished":"2023-10-17T09:00:07+00:00","dateModified":"2025-05-05T09:27:18+00:00","description":"Superior-Studio - Resort Antico Verbano","breadcrumb":{"@id":"https:\/\/www.resortanticoverbano.com\/de\/die-ferienwohnungen\/superior-studio-mit-privatem-aussenbereich\/#breadcrumb"},"inLanguage":"de-DE","potentialAction":[{"@type":"ReadAction","target":["https:\/\/www.resortanticoverbano.com\/de\/die-ferienwohnungen\/superior-studio-mit-privatem-aussenbereich\/"]}]},{"@type":"BreadcrumbList","@id":"https:\/\/www.resortanticoverbano.com\/de\/die-ferienwohnungen\/superior-studio-mit-privatem-aussenbereich\/#breadcrumb","itemListElement":[{"@type":"ListItem","position":1,"name":"Home","item":"https:\/\/www.resortanticoverbano.com\/de\/"},{"@type":"ListItem","position":2,"name":"Die Ferienwohnungen","item":"https:\/\/www.resortanticoverbano.com\/de\/die-ferienwohnungen\/"},{"@type":"ListItem","position":3,"name":"Superior-Studio"}]},{"@type":"WebSite","@id":"https:\/\/www.resortanticoverbano.com\/de\/#website","url":"https:\/\/www.resortanticoverbano.com\/de\/","name":"Resort Antico Verbano","description":"","publisher":{"@id":"https:\/\/www.resortanticoverbano.com\/de\/#organization"},"potentialAction":[{"@type":"SearchAction","target":{"@type":"EntryPoint","urlTemplate":"https:\/\/www.resortanticoverbano.com\/de\/?s={search_term_string}"},"query-input":"required name=search_term_string"}],"inLanguage":"de-DE"},{"@type":"Organization","@id":"https:\/\/www.resortanticoverbano.com\/de\/#organization","name":"Resort Antico Verbano","url":"https:\/\/www.resortanticoverbano.com\/de\/","logo":{"@type":"ImageObject","inLanguage":"de-DE","@id":"https:\/\/www.resortanticoverbano.com\/de\/#\/schema\/logo\/image\/","url":"https:\/\/www.resortanticoverbano.com\/wp-content\/uploads\/sites\/66\/2023\/09\/Logo-Antico-Verbano-2023.png","contentUrl":"https:\/\/www.resortanticoverbano.com\/wp-content\/uploads\/sites\/66\/2023\/09\/Logo-Antico-Verbano-2023.png","width":500,"height":132,"caption":"Resort Antico Verbano"},"image":{"@id":"https:\/\/www.resortanticoverbano.com\/de\/#\/schema\/logo\/image\/"},"sameAs":["https:\/\/www.instagram.com\/h.residence_anticoverbano\/"]}]}},"acf":[],"_links":{"self":[{"href":"https:\/\/www.resortanticoverbano.com\/de\/wp-json\/wp\/v2\/pages\/1537"}],"collection":[{"href":"https:\/\/www.resortanticoverbano.com\/de\/wp-json\/wp\/v2\/pages"}],"about":[{"href":"https:\/\/www.resortanticoverbano.com\/de\/wp-json\/wp\/v2\/types\/page"}],"author":[{"embeddable":true,"href":"https:\/\/www.resortanticoverbano.com\/de\/wp-json\/wp\/v2\/users\/12"}],"replies":[{"embeddable":true,"href":"https:\/\/www.resortanticoverbano.com\/de\/wp-json\/wp\/v2\/comments?post=1537"}],"version-history":[{"count":0,"href":"https:\/\/www.resortanticoverbano.com\/de\/wp-json\/wp\/v2\/pages\/1537\/revisions"}],"up":[{"embeddable":true,"href":"https:\/\/www.resortanticoverbano.com\/de\/wp-json\/wp\/v2\/pages\/1409"}],"wp:attachment":[{"href":"https:\/\/www.resortanticoverbano.com\/de\/wp-json\/wp\/v2\/media?parent=1537"}],"curies":[{"name":"wp","href":"https:\/\/api.w.org\/{rel}","templated":true}]}}

<p>Ferienwohnung von ca. <strong>25 m²</strong> für <strong>2 Personen</strong> im Erdgeschoss mit ca. 10 m² großem privatem Innenhof oder im ersten Stock mit Terrasse.</p>
<p>Bestehend aus einem Schlafzimmer mit Doppelbett und einer Küche außerhalb des Schlafzimmers.</p>
<p>Alle Wohnungen unterscheiden sich in Struktur, Ausstattung und Lage, was ihnen einen exklusiven Charakter verleiht.</p>
<p>&nbsp;</p>

<p>Ferienwohnung von ca. 25 m² für 2 Personen im Erdgeschoss mit ca. 10 m² großem privatem Innenhof oder im ersten Stock mit Terrasse. Bestehend aus einem Schlafzimmer mit Doppelbett und einer Küche außerhalb des Schlafzimmers. Alle Wohnungen unterscheiden sich in Struktur, Ausstattung und Lage, was ihnen einen exklusiven Charakter verleiht. &nbsp;</p>

<!-- This site is optimized with the Yoast SEO plugin v22.3 - https://yoast.com/wordpress/plugins/seo/ -->
<title>Superior-Studio - Resort Antico Verbano</title>
<meta name="description" content="Superior-Studio - Resort Antico Verbano" />
<meta name="robots" content="index, follow, max-snippet:-1, max-video-preview:-1, noimageindex" />
<link rel="canonical" href="https://www.resortanticoverbano.com/de/die-ferienwohnungen/superior-studio-mit-privatem-aussenbereich/" />
<meta property="og:locale" content="de_DE" />
<meta property="og:type" content="article" />
<meta property="og:title" content="Superior-Studio - Resort Antico Verbano" />
<meta property="og:description" content="Superior-Studio - Resort Antico Verbano" />
<meta property="og:url" content="https://www.resortanticoverbano.com/de/die-ferienwohnungen/superior-studio-mit-privatem-aussenbereich/" />
<meta property="og:site_name" content="Resort Antico Verbano" />
<meta property="article:modified_time" content="2025-05-05T09:27:18+00:00" />
<meta name="twitter:card" content="summary_large_image" />
<meta name="twitter:label1" content="Geschätzte Lesezeit" />
	<meta name="twitter:data1" content="1 Minute" />
<script type="application/ld+json" class="yoast-schema-graph">{"@context":"https://schema.org","@graph":[{"@type":"WebPage","@id":"https://www.resortanticoverbano.com/de/die-ferienwohnungen/superior-studio-mit-privatem-aussenbereich/","url":"https://www.resortanticoverbano.com/de/die-ferienwohnungen/superior-studio-mit-privatem-aussenbereich/","name":"Superior-Studio - Resort Antico Verbano","isPartOf":{"@id":"https://www.resortanticoverbano.com/de/#website"},"datePublished":"2023-10-17T09:00:07+00:00","dateModified":"2025-05-05T09:27:18+00:00","description":"Superior-Studio - Resort Antico Verbano","breadcrumb":{"@id":"https://www.resortanticoverbano.com/de/die-ferienwohnungen/superior-studio-mit-privatem-aussenbereich/#breadcrumb"},"inLanguage":"de-DE","potentialAction":[{"@type":"ReadAction","target":["https://www.resortanticoverbano.com/de/die-ferienwohnungen/superior-studio-mit-privatem-aussenbereich/"]}]},{"@type":"BreadcrumbList","@id":"https://www.resortanticoverbano.com/de/die-ferienwohnungen/superior-studio-mit-privatem-aussenbereich/#breadcrumb","itemListElement":[{"@type":"ListItem","position":1,"name":"Home","item":"https://www.resortanticoverbano.com/de/"},{"@type":"ListItem","position":2,"name":"Die Ferienwohnungen","item":"https://www.resortanticoverbano.com/de/die-ferienwohnungen/"},{"@type":"ListItem","position":3,"name":"Superior-Studio"}]},{"@type":"WebSite","@id":"https://www.resortanticoverbano.com/de/#website","url":"https://www.resortanticoverbano.com/de/","name":"Resort Antico Verbano","description":"","publisher":{"@id":"https://www.resortanticoverbano.com/de/#organization"},"potentialAction":[{"@type":"SearchAction","target":{"@type":"EntryPoint","urlTemplate":"https://www.resortanticoverbano.com/de/?s={search_term_string}"},"query-input":"required name=search_term_string"}],"inLanguage":"de-DE"},{"@type":"Organization","@id":"https://www.resortanticoverbano.com/de/#organization","name":"Resort Antico Verbano","url":"https://www.resortanticoverbano.com/de/","logo":{"@type":"ImageObject","inLanguage":"de-DE","@id":"https://www.resortanticoverbano.com/de/#/schema/logo/image/","url":"https://www.resortanticoverbano.com/wp-content/uploads/sites/66/2023/09/Logo-Antico-Verbano-2023.png","contentUrl":"https://www.resortanticoverbano.com/wp-content/uploads/sites/66/2023/09/Logo-Antico-Verbano-2023.png","width":500,"height":132,"caption":"Resort Antico Verbano"},"image":{"@id":"https://www.resortanticoverbano.com/de/#/schema/logo/image/"},"sameAs":["https://www.instagram.com/h.residence_anticoverbano/"]}]}</script>
<!-- / Yoast SEO plugin. -->
