{"id":1561,"date":"2023-10-17T13:48:59","date_gmt":"2023-10-17T13:48:59","guid":{"rendered":"https:\/\/www.resortanticoverbano.com\/die-ferienwohnungen\/appartamento-fronte-lago-con-patio-privato-e-1-camera-da-letto\/"},"modified":"2024-01-19T11:45:42","modified_gmt":"2024-01-19T11:45:42","slug":"ferienwohnung-mit-seeblick-1-schlafzimmer-privater-terrasse-und-privatem-garten","status":"publish","type":"page","link":"https:\/\/www.resortanticoverbano.com\/de\/die-ferienwohnungen\/ferienwohnung-mit-seeblick-1-schlafzimmer-privater-terrasse-und-privatem-garten\/","title":{"rendered":"Ferienwohnung mit Seeblick 1\u00a0Schlafzimmer, privater Terrasse und privatem Garten"},"content":{"rendered":"<p>Ferienwohnung von ca. <strong>34\u00a0m\u00b2<\/strong> f\u00fcr <strong>2\u20134\u00a0Personen<\/strong> im Erdgeschoss in einzigartiger Lage mit Seeblick und gro\u00dfem Privatgarten mit Terrasse, von der aus Sie einen <strong>180-Grad-Blick<\/strong> auf den See genie\u00dfen k\u00f6nnen.<\/p>\n<p>Bestehend aus einem Schlafzimmer mit Doppelbett und einem Wohnzimmer mit Doppelschlafcouch.<\/p>\n<p>Alle Wohnungen unterscheiden sich in Struktur, Ausstattung und Lage, was ihnen einen exklusiven Charakter verleiht.<\/p>\n","protected":false},"excerpt":{"rendered":"<p>Ferienwohnung von ca. 34\u00a0m\u00b2 f\u00fcr 2\u20134\u00a0Personen im Erdgeschoss in einzigartiger Lage mit Seeblick und gro\u00dfem Privatgarten mit Terrasse, von der aus Sie einen 180-Grad-Blick auf den See genie\u00dfen k\u00f6nnen. Bestehend aus einem Schlafzimmer mit Doppelbett und einem Wohnzimmer mit Doppelschlafcouch. Alle Wohnungen unterscheiden sich in Struktur, Ausstattung und Lage, was ihnen einen exklusiven Charakter verleiht.<\/p>\n","protected":false},"author":12,"featured_media":0,"parent":1409,"menu_order":15,"comment_status":"closed","ping_status":"closed","template":"template-single-room.php","meta":{"footnotes":""},"yoast_head":"<!-- This site is optimized with the Yoast SEO plugin v22.3 - https:\/\/yoast.com\/wordpress\/plugins\/seo\/ -->\n<title>Ferienwohnung mit Seeblick 1\u00a0Schlafzimmer, privater Terrasse und privatem Garten - Resort Antico Verbano<\/title>\n<meta name=\"description\" content=\"Ferienwohnung von ca. 34\u00a0m\u00b2 f\u00fcr 2\u20134\u00a0Personen im Erdgeschoss in einzigartiger Lage mit Seeblick und gro\u00dfem Privatgarten mit Terrasse, von der aus Sie einen 180-Grad-Blick auf den See genie\u00dfen k\u00f6nnen.  Bestehend aus einem Schlafzimmer mit Doppelbett und einem Wohnzimmer mit Doppelschlafcouch.  Alle Wohnungen unterscheiden sich in Struktur, Ausstattung und Lage, was ihnen einen exklusiven Charakter verleiht.\" \/>\n<meta name=\"robots\" content=\"index, follow, max-snippet:-1, max-image-preview:large, max-video-preview:-1\" \/>\n<link rel=\"canonical\" href=\"https:\/\/www.resortanticoverbano.com\/de\/die-ferienwohnungen\/ferienwohnung-mit-seeblick-1-schlafzimmer-privater-terrasse-und-privatem-garten\/\" \/>\n<meta property=\"og:locale\" content=\"de_DE\" \/>\n<meta property=\"og:type\" content=\"article\" \/>\n<meta property=\"og:title\" content=\"Ferienwohnung mit Seeblick 1\u00a0Schlafzimmer, privater Terrasse und privatem Garten - Resort Antico Verbano\" \/>\n<meta property=\"og:description\" content=\"Ferienwohnung von ca. 34\u00a0m\u00b2 f\u00fcr 2\u20134\u00a0Personen im Erdgeschoss in einzigartiger Lage mit Seeblick und gro\u00dfem Privatgarten mit Terrasse, von der aus Sie einen 180-Grad-Blick auf den See genie\u00dfen k\u00f6nnen.  Bestehend aus einem Schlafzimmer mit Doppelbett und einem Wohnzimmer mit Doppelschlafcouch.  Alle Wohnungen unterscheiden sich in Struktur, Ausstattung und Lage, was ihnen einen exklusiven Charakter verleiht.\" \/>\n<meta property=\"og:url\" content=\"https:\/\/www.resortanticoverbano.com\/de\/die-ferienwohnungen\/ferienwohnung-mit-seeblick-1-schlafzimmer-privater-terrasse-und-privatem-garten\/\" \/>\n<meta property=\"og:site_name\" content=\"Resort Antico Verbano\" \/>\n<meta property=\"article:modified_time\" content=\"2024-01-19T11:45:42+00:00\" \/>\n<meta name=\"twitter:card\" content=\"summary_large_image\" \/>\n<script type=\"application\/ld+json\" class=\"yoast-schema-graph\">{\"@context\":\"https:\/\/schema.org\",\"@graph\":[{\"@type\":\"WebPage\",\"@id\":\"https:\/\/www.resortanticoverbano.com\/de\/die-ferienwohnungen\/ferienwohnung-mit-seeblick-1-schlafzimmer-privater-terrasse-und-privatem-garten\/\",\"url\":\"https:\/\/www.resortanticoverbano.com\/de\/die-ferienwohnungen\/ferienwohnung-mit-seeblick-1-schlafzimmer-privater-terrasse-und-privatem-garten\/\",\"name\":\"Ferienwohnung mit Seeblick 1\u00a0Schlafzimmer, privater Terrasse und privatem Garten - Resort Antico Verbano\",\"isPartOf\":{\"@id\":\"https:\/\/www.resortanticoverbano.com\/de\/#website\"},\"datePublished\":\"2023-10-17T13:48:59+00:00\",\"dateModified\":\"2024-01-19T11:45:42+00:00\",\"description\":\"Ferienwohnung von ca. 34\u00a0m\u00b2 f\u00fcr 2\u20134\u00a0Personen im Erdgeschoss in einzigartiger Lage mit Seeblick und gro\u00dfem Privatgarten mit Terrasse, von der aus Sie einen 180-Grad-Blick auf den See genie\u00dfen k\u00f6nnen. Bestehend aus einem Schlafzimmer mit Doppelbett und einem Wohnzimmer mit Doppelschlafcouch. Alle Wohnungen unterscheiden sich in Struktur, Ausstattung und Lage, was ihnen einen exklusiven Charakter verleiht.\",\"breadcrumb\":{\"@id\":\"https:\/\/www.resortanticoverbano.com\/de\/die-ferienwohnungen\/ferienwohnung-mit-seeblick-1-schlafzimmer-privater-terrasse-und-privatem-garten\/#breadcrumb\"},\"inLanguage\":\"de-DE\",\"potentialAction\":[{\"@type\":\"ReadAction\",\"target\":[\"https:\/\/www.resortanticoverbano.com\/de\/die-ferienwohnungen\/ferienwohnung-mit-seeblick-1-schlafzimmer-privater-terrasse-und-privatem-garten\/\"]}]},{\"@type\":\"BreadcrumbList\",\"@id\":\"https:\/\/www.resortanticoverbano.com\/de\/die-ferienwohnungen\/ferienwohnung-mit-seeblick-1-schlafzimmer-privater-terrasse-und-privatem-garten\/#breadcrumb\",\"itemListElement\":[{\"@type\":\"ListItem\",\"position\":1,\"name\":\"Home\",\"item\":\"https:\/\/www.resortanticoverbano.com\/de\/\"},{\"@type\":\"ListItem\",\"position\":2,\"name\":\"Die Ferienwohnungen\",\"item\":\"https:\/\/www.resortanticoverbano.com\/de\/die-ferienwohnungen\/\"},{\"@type\":\"ListItem\",\"position\":3,\"name\":\"Ferienwohnung mit Seeblick 1\u00a0Schlafzimmer, privater Terrasse und privatem Garten\"}]},{\"@type\":\"WebSite\",\"@id\":\"https:\/\/www.resortanticoverbano.com\/de\/#website\",\"url\":\"https:\/\/www.resortanticoverbano.com\/de\/\",\"name\":\"Resort Antico Verbano\",\"description\":\"\",\"publisher\":{\"@id\":\"https:\/\/www.resortanticoverbano.com\/de\/#organization\"},\"potentialAction\":[{\"@type\":\"SearchAction\",\"target\":{\"@type\":\"EntryPoint\",\"urlTemplate\":\"https:\/\/www.resortanticoverbano.com\/de\/?s={search_term_string}\"},\"query-input\":\"required name=search_term_string\"}],\"inLanguage\":\"de-DE\"},{\"@type\":\"Organization\",\"@id\":\"https:\/\/www.resortanticoverbano.com\/de\/#organization\",\"name\":\"Resort Antico Verbano\",\"url\":\"https:\/\/www.resortanticoverbano.com\/de\/\",\"logo\":{\"@type\":\"ImageObject\",\"inLanguage\":\"de-DE\",\"@id\":\"https:\/\/www.resortanticoverbano.com\/de\/#\/schema\/logo\/image\/\",\"url\":\"https:\/\/www.resortanticoverbano.com\/wp-content\/uploads\/sites\/66\/2023\/09\/Logo-Antico-Verbano-2023.png\",\"contentUrl\":\"https:\/\/www.resortanticoverbano.com\/wp-content\/uploads\/sites\/66\/2023\/09\/Logo-Antico-Verbano-2023.png\",\"width\":500,\"height\":132,\"caption\":\"Resort Antico Verbano\"},\"image\":{\"@id\":\"https:\/\/www.resortanticoverbano.com\/de\/#\/schema\/logo\/image\/\"},\"sameAs\":[\"https:\/\/www.instagram.com\/h.residence_anticoverbano\/\"]}]}<\/script>\n<!-- \/ Yoast SEO plugin. -->","yoast_head_json":{"title":"Ferienwohnung mit Seeblick 1\u00a0Schlafzimmer, privater Terrasse und privatem Garten - Resort Antico Verbano","description":"Ferienwohnung von ca. 34\u00a0m\u00b2 f\u00fcr 2\u20134\u00a0Personen im Erdgeschoss in einzigartiger Lage mit Seeblick und gro\u00dfem Privatgarten mit Terrasse, von der aus Sie einen 180-Grad-Blick auf den See genie\u00dfen k\u00f6nnen.  Bestehend aus einem Schlafzimmer mit Doppelbett und einem Wohnzimmer mit Doppelschlafcouch.  Alle Wohnungen unterscheiden sich in Struktur, Ausstattung und Lage, was ihnen einen exklusiven Charakter verleiht.","robots":{"index":"index","follow":"follow","max-snippet":"max-snippet:-1","max-image-preview":"max-image-preview:large","max-video-preview":"max-video-preview:-1"},"canonical":"https:\/\/www.resortanticoverbano.com\/de\/die-ferienwohnungen\/ferienwohnung-mit-seeblick-1-schlafzimmer-privater-terrasse-und-privatem-garten\/","og_locale":"de_DE","og_type":"article","og_title":"Ferienwohnung mit Seeblick 1\u00a0Schlafzimmer, privater Terrasse und privatem Garten - Resort Antico Verbano","og_description":"Ferienwohnung von ca. 34\u00a0m\u00b2 f\u00fcr 2\u20134\u00a0Personen im Erdgeschoss in einzigartiger Lage mit Seeblick und gro\u00dfem Privatgarten mit Terrasse, von der aus Sie einen 180-Grad-Blick auf den See genie\u00dfen k\u00f6nnen.  Bestehend aus einem Schlafzimmer mit Doppelbett und einem Wohnzimmer mit Doppelschlafcouch.  Alle Wohnungen unterscheiden sich in Struktur, Ausstattung und Lage, was ihnen einen exklusiven Charakter verleiht.","og_url":"https:\/\/www.resortanticoverbano.com\/de\/die-ferienwohnungen\/ferienwohnung-mit-seeblick-1-schlafzimmer-privater-terrasse-und-privatem-garten\/","og_site_name":"Resort Antico Verbano","article_modified_time":"2024-01-19T11:45:42+00:00","twitter_card":"summary_large_image","schema":{"@context":"https:\/\/schema.org","@graph":[{"@type":"WebPage","@id":"https:\/\/www.resortanticoverbano.com\/de\/die-ferienwohnungen\/ferienwohnung-mit-seeblick-1-schlafzimmer-privater-terrasse-und-privatem-garten\/","url":"https:\/\/www.resortanticoverbano.com\/de\/die-ferienwohnungen\/ferienwohnung-mit-seeblick-1-schlafzimmer-privater-terrasse-und-privatem-garten\/","name":"Ferienwohnung mit Seeblick 1\u00a0Schlafzimmer, privater Terrasse und privatem Garten - Resort Antico Verbano","isPartOf":{"@id":"https:\/\/www.resortanticoverbano.com\/de\/#website"},"datePublished":"2023-10-17T13:48:59+00:00","dateModified":"2024-01-19T11:45:42+00:00","description":"Ferienwohnung von ca. 34\u00a0m\u00b2 f\u00fcr 2\u20134\u00a0Personen im Erdgeschoss in einzigartiger Lage mit Seeblick und gro\u00dfem Privatgarten mit Terrasse, von der aus Sie einen 180-Grad-Blick auf den See genie\u00dfen k\u00f6nnen. Bestehend aus einem Schlafzimmer mit Doppelbett und einem Wohnzimmer mit Doppelschlafcouch. Alle Wohnungen unterscheiden sich in Struktur, Ausstattung und Lage, was ihnen einen exklusiven Charakter verleiht.","breadcrumb":{"@id":"https:\/\/www.resortanticoverbano.com\/de\/die-ferienwohnungen\/ferienwohnung-mit-seeblick-1-schlafzimmer-privater-terrasse-und-privatem-garten\/#breadcrumb"},"inLanguage":"de-DE","potentialAction":[{"@type":"ReadAction","target":["https:\/\/www.resortanticoverbano.com\/de\/die-ferienwohnungen\/ferienwohnung-mit-seeblick-1-schlafzimmer-privater-terrasse-und-privatem-garten\/"]}]},{"@type":"BreadcrumbList","@id":"https:\/\/www.resortanticoverbano.com\/de\/die-ferienwohnungen\/ferienwohnung-mit-seeblick-1-schlafzimmer-privater-terrasse-und-privatem-garten\/#breadcrumb","itemListElement":[{"@type":"ListItem","position":1,"name":"Home","item":"https:\/\/www.resortanticoverbano.com\/de\/"},{"@type":"ListItem","position":2,"name":"Die Ferienwohnungen","item":"https:\/\/www.resortanticoverbano.com\/de\/die-ferienwohnungen\/"},{"@type":"ListItem","position":3,"name":"Ferienwohnung mit Seeblick 1\u00a0Schlafzimmer, privater Terrasse und privatem Garten"}]},{"@type":"WebSite","@id":"https:\/\/www.resortanticoverbano.com\/de\/#website","url":"https:\/\/www.resortanticoverbano.com\/de\/","name":"Resort Antico Verbano","description":"","publisher":{"@id":"https:\/\/www.resortanticoverbano.com\/de\/#organization"},"potentialAction":[{"@type":"SearchAction","target":{"@type":"EntryPoint","urlTemplate":"https:\/\/www.resortanticoverbano.com\/de\/?s={search_term_string}"},"query-input":"required name=search_term_string"}],"inLanguage":"de-DE"},{"@type":"Organization","@id":"https:\/\/www.resortanticoverbano.com\/de\/#organization","name":"Resort Antico Verbano","url":"https:\/\/www.resortanticoverbano.com\/de\/","logo":{"@type":"ImageObject","inLanguage":"de-DE","@id":"https:\/\/www.resortanticoverbano.com\/de\/#\/schema\/logo\/image\/","url":"https:\/\/www.resortanticoverbano.com\/wp-content\/uploads\/sites\/66\/2023\/09\/Logo-Antico-Verbano-2023.png","contentUrl":"https:\/\/www.resortanticoverbano.com\/wp-content\/uploads\/sites\/66\/2023\/09\/Logo-Antico-Verbano-2023.png","width":500,"height":132,"caption":"Resort Antico Verbano"},"image":{"@id":"https:\/\/www.resortanticoverbano.com\/de\/#\/schema\/logo\/image\/"},"sameAs":["https:\/\/www.instagram.com\/h.residence_anticoverbano\/"]}]}},"acf":[],"_links":{"self":[{"href":"https:\/\/www.resortanticoverbano.com\/de\/wp-json\/wp\/v2\/pages\/1561"}],"collection":[{"href":"https:\/\/www.resortanticoverbano.com\/de\/wp-json\/wp\/v2\/pages"}],"about":[{"href":"https:\/\/www.resortanticoverbano.com\/de\/wp-json\/wp\/v2\/types\/page"}],"author":[{"embeddable":true,"href":"https:\/\/www.resortanticoverbano.com\/de\/wp-json\/wp\/v2\/users\/12"}],"replies":[{"embeddable":true,"href":"https:\/\/www.resortanticoverbano.com\/de\/wp-json\/wp\/v2\/comments?post=1561"}],"version-history":[{"count":0,"href":"https:\/\/www.resortanticoverbano.com\/de\/wp-json\/wp\/v2\/pages\/1561\/revisions"}],"up":[{"embeddable":true,"href":"https:\/\/www.resortanticoverbano.com\/de\/wp-json\/wp\/v2\/pages\/1409"}],"wp:attachment":[{"href":"https:\/\/www.resortanticoverbano.com\/de\/wp-json\/wp\/v2\/media?parent=1561"}],"curies":[{"name":"wp","href":"https:\/\/api.w.org\/{rel}","templated":true}]}}

<p>Ferienwohnung von ca. <strong>34 m²</strong> für <strong>2–4 Personen</strong> im Erdgeschoss in einzigartiger Lage mit Seeblick und großem Privatgarten mit Terrasse, von der aus Sie einen <strong>180-Grad-Blick</strong> auf den See genießen können.</p>
<p>Bestehend aus einem Schlafzimmer mit Doppelbett und einem Wohnzimmer mit Doppelschlafcouch.</p>
<p>Alle Wohnungen unterscheiden sich in Struktur, Ausstattung und Lage, was ihnen einen exklusiven Charakter verleiht.</p>

<p>Ferienwohnung von ca. 34 m² für 2–4 Personen im Erdgeschoss in einzigartiger Lage mit Seeblick und großem Privatgarten mit Terrasse, von der aus Sie einen 180-Grad-Blick auf den See genießen können. Bestehend aus einem Schlafzimmer mit Doppelbett und einem Wohnzimmer mit Doppelschlafcouch. Alle Wohnungen unterscheiden sich in Struktur, Ausstattung und Lage, was ihnen einen exklusiven Charakter verleiht.</p>

<!-- This site is optimized with the Yoast SEO plugin v22.3 - https://yoast.com/wordpress/plugins/seo/ -->
<title>Ferienwohnung mit Seeblick 1 Schlafzimmer, privater Terrasse und privatem Garten - Resort Antico Verbano</title>
<meta name="description" content="Ferienwohnung von ca. 34 m² für 2–4 Personen im Erdgeschoss in einzigartiger Lage mit Seeblick und großem Privatgarten mit Terrasse, von der aus Sie einen 180-Grad-Blick auf den See genießen können.  Bestehend aus einem Schlafzimmer mit Doppelbett und einem Wohnzimmer mit Doppelschlafcouch.  Alle Wohnungen unterscheiden sich in Struktur, Ausstattung und Lage, was ihnen einen exklusiven Charakter verleiht." />
<meta name="robots" content="index, follow, max-snippet:-1, max-image-preview:large, max-video-preview:-1" />
<link rel="canonical" href="https://www.resortanticoverbano.com/de/die-ferienwohnungen/ferienwohnung-mit-seeblick-1-schlafzimmer-privater-terrasse-und-privatem-garten/" />
<meta property="og:locale" content="de_DE" />
<meta property="og:type" content="article" />
<meta property="og:title" content="Ferienwohnung mit Seeblick 1 Schlafzimmer, privater Terrasse und privatem Garten - Resort Antico Verbano" />
<meta property="og:description" content="Ferienwohnung von ca. 34 m² für 2–4 Personen im Erdgeschoss in einzigartiger Lage mit Seeblick und großem Privatgarten mit Terrasse, von der aus Sie einen 180-Grad-Blick auf den See genießen können.  Bestehend aus einem Schlafzimmer mit Doppelbett und einem Wohnzimmer mit Doppelschlafcouch.  Alle Wohnungen unterscheiden sich in Struktur, Ausstattung und Lage, was ihnen einen exklusiven Charakter verleiht." />
<meta property="og:url" content="https://www.resortanticoverbano.com/de/die-ferienwohnungen/ferienwohnung-mit-seeblick-1-schlafzimmer-privater-terrasse-und-privatem-garten/" />
<meta property="og:site_name" content="Resort Antico Verbano" />
<meta property="article:modified_time" content="2024-01-19T11:45:42+00:00" />
<meta name="twitter:card" content="summary_large_image" />
<script type="application/ld+json" class="yoast-schema-graph">{"@context":"https://schema.org","@graph":[{"@type":"WebPage","@id":"https://www.resortanticoverbano.com/de/die-ferienwohnungen/ferienwohnung-mit-seeblick-1-schlafzimmer-privater-terrasse-und-privatem-garten/","url":"https://www.resortanticoverbano.com/de/die-ferienwohnungen/ferienwohnung-mit-seeblick-1-schlafzimmer-privater-terrasse-und-privatem-garten/","name":"Ferienwohnung mit Seeblick 1 Schlafzimmer, privater Terrasse und privatem Garten - Resort Antico Verbano","isPartOf":{"@id":"https://www.resortanticoverbano.com/de/#website"},"datePublished":"2023-10-17T13:48:59+00:00","dateModified":"2024-01-19T11:45:42+00:00","description":"Ferienwohnung von ca. 34 m² für 2–4 Personen im Erdgeschoss in einzigartiger Lage mit Seeblick und großem Privatgarten mit Terrasse, von der aus Sie einen 180-Grad-Blick auf den See genießen können. Bestehend aus einem Schlafzimmer mit Doppelbett und einem Wohnzimmer mit Doppelschlafcouch. Alle Wohnungen unterscheiden sich in Struktur, Ausstattung und Lage, was ihnen einen exklusiven Charakter verleiht.","breadcrumb":{"@id":"https://www.resortanticoverbano.com/de/die-ferienwohnungen/ferienwohnung-mit-seeblick-1-schlafzimmer-privater-terrasse-und-privatem-garten/#breadcrumb"},"inLanguage":"de-DE","potentialAction":[{"@type":"ReadAction","target":["https://www.resortanticoverbano.com/de/die-ferienwohnungen/ferienwohnung-mit-seeblick-1-schlafzimmer-privater-terrasse-und-privatem-garten/"]}]},{"@type":"BreadcrumbList","@id":"https://www.resortanticoverbano.com/de/die-ferienwohnungen/ferienwohnung-mit-seeblick-1-schlafzimmer-privater-terrasse-und-privatem-garten/#breadcrumb","itemListElement":[{"@type":"ListItem","position":1,"name":"Home","item":"https://www.resortanticoverbano.com/de/"},{"@type":"ListItem","position":2,"name":"Die Ferienwohnungen","item":"https://www.resortanticoverbano.com/de/die-ferienwohnungen/"},{"@type":"ListItem","position":3,"name":"Ferienwohnung mit Seeblick 1 Schlafzimmer, privater Terrasse und privatem Garten"}]},{"@type":"WebSite","@id":"https://www.resortanticoverbano.com/de/#website","url":"https://www.resortanticoverbano.com/de/","name":"Resort Antico Verbano","description":"","publisher":{"@id":"https://www.resortanticoverbano.com/de/#organization"},"potentialAction":[{"@type":"SearchAction","target":{"@type":"EntryPoint","urlTemplate":"https://www.resortanticoverbano.com/de/?s={search_term_string}"},"query-input":"required name=search_term_string"}],"inLanguage":"de-DE"},{"@type":"Organization","@id":"https://www.resortanticoverbano.com/de/#organization","name":"Resort Antico Verbano","url":"https://www.resortanticoverbano.com/de/","logo":{"@type":"ImageObject","inLanguage":"de-DE","@id":"https://www.resortanticoverbano.com/de/#/schema/logo/image/","url":"https://www.resortanticoverbano.com/wp-content/uploads/sites/66/2023/09/Logo-Antico-Verbano-2023.png","contentUrl":"https://www.resortanticoverbano.com/wp-content/uploads/sites/66/2023/09/Logo-Antico-Verbano-2023.png","width":500,"height":132,"caption":"Resort Antico Verbano"},"image":{"@id":"https://www.resortanticoverbano.com/de/#/schema/logo/image/"},"sameAs":["https://www.instagram.com/h.residence_anticoverbano/"]}]}</script>
<!-- / Yoast SEO plugin. -->

Ferienwohnung von ca. 34 m² für 2–4 Personen im Erdgeschoss in einzigartiger Lage mit Seeblick und großem Privatgarten mit Terrasse, von der aus Sie einen 180-Grad-Blick auf den See genießen können.  Bestehend aus einem Schlafzimmer mit Doppelbett und einem Wohnzimmer mit Doppelschlafcouch.  Alle Wohnungen unterscheiden sich in Struktur, Ausstattung und Lage, was ihnen einen exklusiven Charakter verleiht.

Ferienwohnung von ca. 34 m² für 2–4 Personen im Erdgeschoss in einzigartiger Lage mit Seeblick und großem Privatgarten mit Terrasse, von der aus Sie einen 180-Grad-Blick auf den See genießen können. Bestehend aus einem Schlafzimmer mit Doppelbett und einem Wohnzimmer mit Doppelschlafcouch. Alle Wohnungen unterscheiden sich in Struktur, Ausstattung und Lage, was ihnen einen exklusiven Charakter verleiht.
