{"id":1591,"date":"2023-10-17T14:44:58","date_gmt":"2023-10-17T14:44:58","guid":{"rendered":"https:\/\/www.resortanticoverbano.com\/die-ferienwohnungen\/appartamento-family-superior-2-camere-da-letto-vista-lago-panoramica\/"},"modified":"2024-11-22T10:34:21","modified_gmt":"2024-11-22T10:34:21","slug":"superior-familien-ferienwohnung-2-schlafzimmer-mit-spektakulaerem-seeblick","status":"publish","type":"page","link":"https:\/\/www.resortanticoverbano.com\/de\/die-ferienwohnungen\/superior-familien-ferienwohnung-2-schlafzimmer-mit-spektakulaerem-seeblick\/","title":{"rendered":"Superior-Familien-Ferienwohnung 2\u00a0Schlafzimmer mit spektakul\u00e4rem Seeblick"},"content":{"rendered":"<p>Gro\u00dfz\u00fcgige und helle Ferienwohnung von ca. <strong>70\u00a0m\u00b2<\/strong> f\u00fcr <strong>4\u20136\u00a0Personen<\/strong> im Obergeschoss und auf zwei Etagen mit Balkon mit einem einzigartigen auf den See.<\/p>\n<p>Bestehend aus einem Schlafzimmer mit Doppelbett, einem zweiten Schlafzimmer mit zwei Einzelbetten und einem Wohnzimmer mit Doppelschlafcouch und zwei Badezimmern.<\/p>\n<p>Alle Wohnungen unterscheiden sich in Struktur, Ausstattung und Lage, was ihnen einen exklusiven Charakter verleiht.<\/p>\n","protected":false},"excerpt":{"rendered":"<p>Gro\u00dfz\u00fcgige und helle Ferienwohnung von ca. 70\u00a0m\u00b2 f\u00fcr 4\u20136\u00a0Personen im Obergeschoss und auf zwei Etagen mit Balkon mit einem einzigartigen auf den See. Bestehend aus einem Schlafzimmer mit Doppelbett, einem zweiten Schlafzimmer mit zwei Einzelbetten und einem Wohnzimmer mit Doppelschlafcouch und zwei Badezimmern. Alle Wohnungen unterscheiden sich in Struktur, Ausstattung und Lage, was ihnen einen [&hellip;]<\/p>\n","protected":false},"author":12,"featured_media":0,"parent":1409,"menu_order":25,"comment_status":"closed","ping_status":"closed","template":"template-single-room.php","meta":{"footnotes":""},"yoast_head":"<!-- This site is optimized with the Yoast SEO plugin v22.3 - https:\/\/yoast.com\/wordpress\/plugins\/seo\/ -->\n<title>Superior-Familien-Ferienwohnung 2\u00a0Schlafzimmer mit spektakul\u00e4rem Seeblick - Resort Antico Verbano<\/title>\n<meta name=\"description\" content=\"Gro\u00dfz\u00fcgige und helle Ferienwohnung von ca. 70\u00a0m\u00b2 f\u00fcr 4\u20136\u00a0Personen im Obergeschoss und auf zwei Etagen mit Balkon mit einem einzigartigen auf den See.  Bestehend aus einem Schlafzimmer mit Doppelbett, einem zweiten Schlafzimmer mit zwei Einzelbetten und einem Wohnzimmer mit Doppelschlafcouch und zwei Badezimmern.  Alle Wohnungen unterscheiden sich in Struktur, Ausstattung und Lage, was ihnen einen exklusiven Charakter verleiht.\" \/>\n<meta name=\"robots\" content=\"index, follow, max-snippet:-1, max-image-preview:large, max-video-preview:-1\" \/>\n<link rel=\"canonical\" href=\"https:\/\/www.resortanticoverbano.com\/de\/die-ferienwohnungen\/superior-familien-ferienwohnung-2-schlafzimmer-mit-spektakulaerem-seeblick\/\" \/>\n<meta property=\"og:locale\" content=\"de_DE\" \/>\n<meta property=\"og:type\" content=\"article\" \/>\n<meta property=\"og:title\" content=\"Superior-Familien-Ferienwohnung 2\u00a0Schlafzimmer mit spektakul\u00e4rem Seeblick - Resort Antico Verbano\" \/>\n<meta property=\"og:description\" content=\"Gro\u00dfz\u00fcgige und helle Ferienwohnung von ca. 70\u00a0m\u00b2 f\u00fcr 4\u20136\u00a0Personen im Obergeschoss und auf zwei Etagen mit Balkon mit einem einzigartigen auf den See.  Bestehend aus einem Schlafzimmer mit Doppelbett, einem zweiten Schlafzimmer mit zwei Einzelbetten und einem Wohnzimmer mit Doppelschlafcouch und zwei Badezimmern.  Alle Wohnungen unterscheiden sich in Struktur, Ausstattung und Lage, was ihnen einen exklusiven Charakter verleiht.\" \/>\n<meta property=\"og:url\" content=\"https:\/\/www.resortanticoverbano.com\/de\/die-ferienwohnungen\/superior-familien-ferienwohnung-2-schlafzimmer-mit-spektakulaerem-seeblick\/\" \/>\n<meta property=\"og:site_name\" content=\"Resort Antico Verbano\" \/>\n<meta property=\"article:modified_time\" content=\"2024-11-22T10:34:21+00:00\" \/>\n<meta name=\"twitter:card\" content=\"summary_large_image\" \/>\n<meta name=\"twitter:label1\" content=\"Gesch\u00e4tzte Lesezeit\" \/>\n\t<meta name=\"twitter:data1\" content=\"1 Minute\" \/>\n<script type=\"application\/ld+json\" class=\"yoast-schema-graph\">{\"@context\":\"https:\/\/schema.org\",\"@graph\":[{\"@type\":\"WebPage\",\"@id\":\"https:\/\/www.resortanticoverbano.com\/de\/die-ferienwohnungen\/superior-familien-ferienwohnung-2-schlafzimmer-mit-spektakulaerem-seeblick\/\",\"url\":\"https:\/\/www.resortanticoverbano.com\/de\/die-ferienwohnungen\/superior-familien-ferienwohnung-2-schlafzimmer-mit-spektakulaerem-seeblick\/\",\"name\":\"Superior-Familien-Ferienwohnung 2\u00a0Schlafzimmer mit spektakul\u00e4rem Seeblick - Resort Antico Verbano\",\"isPartOf\":{\"@id\":\"https:\/\/www.resortanticoverbano.com\/de\/#website\"},\"datePublished\":\"2023-10-17T14:44:58+00:00\",\"dateModified\":\"2024-11-22T10:34:21+00:00\",\"description\":\"Gro\u00dfz\u00fcgige und helle Ferienwohnung von ca. 70\u00a0m\u00b2 f\u00fcr 4\u20136\u00a0Personen im Obergeschoss und auf zwei Etagen mit Balkon mit einem einzigartigen auf den See. Bestehend aus einem Schlafzimmer mit Doppelbett, einem zweiten Schlafzimmer mit zwei Einzelbetten und einem Wohnzimmer mit Doppelschlafcouch und zwei Badezimmern. Alle Wohnungen unterscheiden sich in Struktur, Ausstattung und Lage, was ihnen einen exklusiven Charakter verleiht.\",\"breadcrumb\":{\"@id\":\"https:\/\/www.resortanticoverbano.com\/de\/die-ferienwohnungen\/superior-familien-ferienwohnung-2-schlafzimmer-mit-spektakulaerem-seeblick\/#breadcrumb\"},\"inLanguage\":\"de-DE\",\"potentialAction\":[{\"@type\":\"ReadAction\",\"target\":[\"https:\/\/www.resortanticoverbano.com\/de\/die-ferienwohnungen\/superior-familien-ferienwohnung-2-schlafzimmer-mit-spektakulaerem-seeblick\/\"]}]},{\"@type\":\"BreadcrumbList\",\"@id\":\"https:\/\/www.resortanticoverbano.com\/de\/die-ferienwohnungen\/superior-familien-ferienwohnung-2-schlafzimmer-mit-spektakulaerem-seeblick\/#breadcrumb\",\"itemListElement\":[{\"@type\":\"ListItem\",\"position\":1,\"name\":\"Home\",\"item\":\"https:\/\/www.resortanticoverbano.com\/de\/\"},{\"@type\":\"ListItem\",\"position\":2,\"name\":\"Die Ferienwohnungen\",\"item\":\"https:\/\/www.resortanticoverbano.com\/de\/die-ferienwohnungen\/\"},{\"@type\":\"ListItem\",\"position\":3,\"name\":\"Superior-Familien-Ferienwohnung 2\u00a0Schlafzimmer mit spektakul\u00e4rem Seeblick\"}]},{\"@type\":\"WebSite\",\"@id\":\"https:\/\/www.resortanticoverbano.com\/de\/#website\",\"url\":\"https:\/\/www.resortanticoverbano.com\/de\/\",\"name\":\"Resort Antico Verbano\",\"description\":\"\",\"publisher\":{\"@id\":\"https:\/\/www.resortanticoverbano.com\/de\/#organization\"},\"potentialAction\":[{\"@type\":\"SearchAction\",\"target\":{\"@type\":\"EntryPoint\",\"urlTemplate\":\"https:\/\/www.resortanticoverbano.com\/de\/?s={search_term_string}\"},\"query-input\":\"required name=search_term_string\"}],\"inLanguage\":\"de-DE\"},{\"@type\":\"Organization\",\"@id\":\"https:\/\/www.resortanticoverbano.com\/de\/#organization\",\"name\":\"Resort Antico Verbano\",\"url\":\"https:\/\/www.resortanticoverbano.com\/de\/\",\"logo\":{\"@type\":\"ImageObject\",\"inLanguage\":\"de-DE\",\"@id\":\"https:\/\/www.resortanticoverbano.com\/de\/#\/schema\/logo\/image\/\",\"url\":\"https:\/\/www.resortanticoverbano.com\/wp-content\/uploads\/sites\/66\/2023\/09\/Logo-Antico-Verbano-2023.png\",\"contentUrl\":\"https:\/\/www.resortanticoverbano.com\/wp-content\/uploads\/sites\/66\/2023\/09\/Logo-Antico-Verbano-2023.png\",\"width\":500,\"height\":132,\"caption\":\"Resort Antico Verbano\"},\"image\":{\"@id\":\"https:\/\/www.resortanticoverbano.com\/de\/#\/schema\/logo\/image\/\"},\"sameAs\":[\"https:\/\/www.instagram.com\/h.residence_anticoverbano\/\"]}]}<\/script>\n<!-- \/ Yoast SEO plugin. -->","yoast_head_json":{"title":"Superior-Familien-Ferienwohnung 2\u00a0Schlafzimmer mit spektakul\u00e4rem Seeblick - Resort Antico Verbano","description":"Gro\u00dfz\u00fcgige und helle Ferienwohnung von ca. 70\u00a0m\u00b2 f\u00fcr 4\u20136\u00a0Personen im Obergeschoss und auf zwei Etagen mit Balkon mit einem einzigartigen auf den See.  Bestehend aus einem Schlafzimmer mit Doppelbett, einem zweiten Schlafzimmer mit zwei Einzelbetten und einem Wohnzimmer mit Doppelschlafcouch und zwei Badezimmern.  Alle Wohnungen unterscheiden sich in Struktur, Ausstattung und Lage, was ihnen einen exklusiven Charakter verleiht.","robots":{"index":"index","follow":"follow","max-snippet":"max-snippet:-1","max-image-preview":"max-image-preview:large","max-video-preview":"max-video-preview:-1"},"canonical":"https:\/\/www.resortanticoverbano.com\/de\/die-ferienwohnungen\/superior-familien-ferienwohnung-2-schlafzimmer-mit-spektakulaerem-seeblick\/","og_locale":"de_DE","og_type":"article","og_title":"Superior-Familien-Ferienwohnung 2\u00a0Schlafzimmer mit spektakul\u00e4rem Seeblick - Resort Antico Verbano","og_description":"Gro\u00dfz\u00fcgige und helle Ferienwohnung von ca. 70\u00a0m\u00b2 f\u00fcr 4\u20136\u00a0Personen im Obergeschoss und auf zwei Etagen mit Balkon mit einem einzigartigen auf den See.  Bestehend aus einem Schlafzimmer mit Doppelbett, einem zweiten Schlafzimmer mit zwei Einzelbetten und einem Wohnzimmer mit Doppelschlafcouch und zwei Badezimmern.  Alle Wohnungen unterscheiden sich in Struktur, Ausstattung und Lage, was ihnen einen exklusiven Charakter verleiht.","og_url":"https:\/\/www.resortanticoverbano.com\/de\/die-ferienwohnungen\/superior-familien-ferienwohnung-2-schlafzimmer-mit-spektakulaerem-seeblick\/","og_site_name":"Resort Antico Verbano","article_modified_time":"2024-11-22T10:34:21+00:00","twitter_card":"summary_large_image","twitter_misc":{"Gesch\u00e4tzte Lesezeit":"1 Minute"},"schema":{"@context":"https:\/\/schema.org","@graph":[{"@type":"WebPage","@id":"https:\/\/www.resortanticoverbano.com\/de\/die-ferienwohnungen\/superior-familien-ferienwohnung-2-schlafzimmer-mit-spektakulaerem-seeblick\/","url":"https:\/\/www.resortanticoverbano.com\/de\/die-ferienwohnungen\/superior-familien-ferienwohnung-2-schlafzimmer-mit-spektakulaerem-seeblick\/","name":"Superior-Familien-Ferienwohnung 2\u00a0Schlafzimmer mit spektakul\u00e4rem Seeblick - Resort Antico Verbano","isPartOf":{"@id":"https:\/\/www.resortanticoverbano.com\/de\/#website"},"datePublished":"2023-10-17T14:44:58+00:00","dateModified":"2024-11-22T10:34:21+00:00","description":"Gro\u00dfz\u00fcgige und helle Ferienwohnung von ca. 70\u00a0m\u00b2 f\u00fcr 4\u20136\u00a0Personen im Obergeschoss und auf zwei Etagen mit Balkon mit einem einzigartigen auf den See. Bestehend aus einem Schlafzimmer mit Doppelbett, einem zweiten Schlafzimmer mit zwei Einzelbetten und einem Wohnzimmer mit Doppelschlafcouch und zwei Badezimmern. Alle Wohnungen unterscheiden sich in Struktur, Ausstattung und Lage, was ihnen einen exklusiven Charakter verleiht.","breadcrumb":{"@id":"https:\/\/www.resortanticoverbano.com\/de\/die-ferienwohnungen\/superior-familien-ferienwohnung-2-schlafzimmer-mit-spektakulaerem-seeblick\/#breadcrumb"},"inLanguage":"de-DE","potentialAction":[{"@type":"ReadAction","target":["https:\/\/www.resortanticoverbano.com\/de\/die-ferienwohnungen\/superior-familien-ferienwohnung-2-schlafzimmer-mit-spektakulaerem-seeblick\/"]}]},{"@type":"BreadcrumbList","@id":"https:\/\/www.resortanticoverbano.com\/de\/die-ferienwohnungen\/superior-familien-ferienwohnung-2-schlafzimmer-mit-spektakulaerem-seeblick\/#breadcrumb","itemListElement":[{"@type":"ListItem","position":1,"name":"Home","item":"https:\/\/www.resortanticoverbano.com\/de\/"},{"@type":"ListItem","position":2,"name":"Die Ferienwohnungen","item":"https:\/\/www.resortanticoverbano.com\/de\/die-ferienwohnungen\/"},{"@type":"ListItem","position":3,"name":"Superior-Familien-Ferienwohnung 2\u00a0Schlafzimmer mit spektakul\u00e4rem Seeblick"}]},{"@type":"WebSite","@id":"https:\/\/www.resortanticoverbano.com\/de\/#website","url":"https:\/\/www.resortanticoverbano.com\/de\/","name":"Resort Antico Verbano","description":"","publisher":{"@id":"https:\/\/www.resortanticoverbano.com\/de\/#organization"},"potentialAction":[{"@type":"SearchAction","target":{"@type":"EntryPoint","urlTemplate":"https:\/\/www.resortanticoverbano.com\/de\/?s={search_term_string}"},"query-input":"required name=search_term_string"}],"inLanguage":"de-DE"},{"@type":"Organization","@id":"https:\/\/www.resortanticoverbano.com\/de\/#organization","name":"Resort Antico Verbano","url":"https:\/\/www.resortanticoverbano.com\/de\/","logo":{"@type":"ImageObject","inLanguage":"de-DE","@id":"https:\/\/www.resortanticoverbano.com\/de\/#\/schema\/logo\/image\/","url":"https:\/\/www.resortanticoverbano.com\/wp-content\/uploads\/sites\/66\/2023\/09\/Logo-Antico-Verbano-2023.png","contentUrl":"https:\/\/www.resortanticoverbano.com\/wp-content\/uploads\/sites\/66\/2023\/09\/Logo-Antico-Verbano-2023.png","width":500,"height":132,"caption":"Resort Antico Verbano"},"image":{"@id":"https:\/\/www.resortanticoverbano.com\/de\/#\/schema\/logo\/image\/"},"sameAs":["https:\/\/www.instagram.com\/h.residence_anticoverbano\/"]}]}},"acf":[],"_links":{"self":[{"href":"https:\/\/www.resortanticoverbano.com\/de\/wp-json\/wp\/v2\/pages\/1591"}],"collection":[{"href":"https:\/\/www.resortanticoverbano.com\/de\/wp-json\/wp\/v2\/pages"}],"about":[{"href":"https:\/\/www.resortanticoverbano.com\/de\/wp-json\/wp\/v2\/types\/page"}],"author":[{"embeddable":true,"href":"https:\/\/www.resortanticoverbano.com\/de\/wp-json\/wp\/v2\/users\/12"}],"replies":[{"embeddable":true,"href":"https:\/\/www.resortanticoverbano.com\/de\/wp-json\/wp\/v2\/comments?post=1591"}],"version-history":[{"count":0,"href":"https:\/\/www.resortanticoverbano.com\/de\/wp-json\/wp\/v2\/pages\/1591\/revisions"}],"up":[{"embeddable":true,"href":"https:\/\/www.resortanticoverbano.com\/de\/wp-json\/wp\/v2\/pages\/1409"}],"wp:attachment":[{"href":"https:\/\/www.resortanticoverbano.com\/de\/wp-json\/wp\/v2\/media?parent=1591"}],"curies":[{"name":"wp","href":"https:\/\/api.w.org\/{rel}","templated":true}]}}

Superior-Familien-Ferienwohnung 2 Schlafzimmer mit spektakulärem Seeblick

<p>Großzügige und helle Ferienwohnung von ca. <strong>70 m²</strong> für <strong>4–6 Personen</strong> im Obergeschoss und auf zwei Etagen mit Balkon mit einem einzigartigen auf den See.</p>
<p>Bestehend aus einem Schlafzimmer mit Doppelbett, einem zweiten Schlafzimmer mit zwei Einzelbetten und einem Wohnzimmer mit Doppelschlafcouch und zwei Badezimmern.</p>
<p>Alle Wohnungen unterscheiden sich in Struktur, Ausstattung und Lage, was ihnen einen exklusiven Charakter verleiht.</p>

<p>Großzügige und helle Ferienwohnung von ca. 70 m² für 4–6 Personen im Obergeschoss und auf zwei Etagen mit Balkon mit einem einzigartigen auf den See. Bestehend aus einem Schlafzimmer mit Doppelbett, einem zweiten Schlafzimmer mit zwei Einzelbetten und einem Wohnzimmer mit Doppelschlafcouch und zwei Badezimmern. Alle Wohnungen unterscheiden sich in Struktur, Ausstattung und Lage, was ihnen einen [&hellip;]</p>

<!-- This site is optimized with the Yoast SEO plugin v22.3 - https://yoast.com/wordpress/plugins/seo/ -->
<title>Superior-Familien-Ferienwohnung 2 Schlafzimmer mit spektakulärem Seeblick - Resort Antico Verbano</title>
<meta name="description" content="Großzügige und helle Ferienwohnung von ca. 70 m² für 4–6 Personen im Obergeschoss und auf zwei Etagen mit Balkon mit einem einzigartigen auf den See.  Bestehend aus einem Schlafzimmer mit Doppelbett, einem zweiten Schlafzimmer mit zwei Einzelbetten und einem Wohnzimmer mit Doppelschlafcouch und zwei Badezimmern.  Alle Wohnungen unterscheiden sich in Struktur, Ausstattung und Lage, was ihnen einen exklusiven Charakter verleiht." />
<meta name="robots" content="index, follow, max-snippet:-1, max-image-preview:large, max-video-preview:-1" />
<link rel="canonical" href="https://www.resortanticoverbano.com/de/die-ferienwohnungen/superior-familien-ferienwohnung-2-schlafzimmer-mit-spektakulaerem-seeblick/" />
<meta property="og:locale" content="de_DE" />
<meta property="og:type" content="article" />
<meta property="og:title" content="Superior-Familien-Ferienwohnung 2 Schlafzimmer mit spektakulärem Seeblick - Resort Antico Verbano" />
<meta property="og:description" content="Großzügige und helle Ferienwohnung von ca. 70 m² für 4–6 Personen im Obergeschoss und auf zwei Etagen mit Balkon mit einem einzigartigen auf den See.  Bestehend aus einem Schlafzimmer mit Doppelbett, einem zweiten Schlafzimmer mit zwei Einzelbetten und einem Wohnzimmer mit Doppelschlafcouch und zwei Badezimmern.  Alle Wohnungen unterscheiden sich in Struktur, Ausstattung und Lage, was ihnen einen exklusiven Charakter verleiht." />
<meta property="og:url" content="https://www.resortanticoverbano.com/de/die-ferienwohnungen/superior-familien-ferienwohnung-2-schlafzimmer-mit-spektakulaerem-seeblick/" />
<meta property="og:site_name" content="Resort Antico Verbano" />
<meta property="article:modified_time" content="2024-11-22T10:34:21+00:00" />
<meta name="twitter:card" content="summary_large_image" />
<meta name="twitter:label1" content="Geschätzte Lesezeit" />
	<meta name="twitter:data1" content="1 Minute" />
<script type="application/ld+json" class="yoast-schema-graph">{"@context":"https://schema.org","@graph":[{"@type":"WebPage","@id":"https://www.resortanticoverbano.com/de/die-ferienwohnungen/superior-familien-ferienwohnung-2-schlafzimmer-mit-spektakulaerem-seeblick/","url":"https://www.resortanticoverbano.com/de/die-ferienwohnungen/superior-familien-ferienwohnung-2-schlafzimmer-mit-spektakulaerem-seeblick/","name":"Superior-Familien-Ferienwohnung 2 Schlafzimmer mit spektakulärem Seeblick - Resort Antico Verbano","isPartOf":{"@id":"https://www.resortanticoverbano.com/de/#website"},"datePublished":"2023-10-17T14:44:58+00:00","dateModified":"2024-11-22T10:34:21+00:00","description":"Großzügige und helle Ferienwohnung von ca. 70 m² für 4–6 Personen im Obergeschoss und auf zwei Etagen mit Balkon mit einem einzigartigen auf den See. Bestehend aus einem Schlafzimmer mit Doppelbett, einem zweiten Schlafzimmer mit zwei Einzelbetten und einem Wohnzimmer mit Doppelschlafcouch und zwei Badezimmern. Alle Wohnungen unterscheiden sich in Struktur, Ausstattung und Lage, was ihnen einen exklusiven Charakter verleiht.","breadcrumb":{"@id":"https://www.resortanticoverbano.com/de/die-ferienwohnungen/superior-familien-ferienwohnung-2-schlafzimmer-mit-spektakulaerem-seeblick/#breadcrumb"},"inLanguage":"de-DE","potentialAction":[{"@type":"ReadAction","target":["https://www.resortanticoverbano.com/de/die-ferienwohnungen/superior-familien-ferienwohnung-2-schlafzimmer-mit-spektakulaerem-seeblick/"]}]},{"@type":"BreadcrumbList","@id":"https://www.resortanticoverbano.com/de/die-ferienwohnungen/superior-familien-ferienwohnung-2-schlafzimmer-mit-spektakulaerem-seeblick/#breadcrumb","itemListElement":[{"@type":"ListItem","position":1,"name":"Home","item":"https://www.resortanticoverbano.com/de/"},{"@type":"ListItem","position":2,"name":"Die Ferienwohnungen","item":"https://www.resortanticoverbano.com/de/die-ferienwohnungen/"},{"@type":"ListItem","position":3,"name":"Superior-Familien-Ferienwohnung 2 Schlafzimmer mit spektakulärem Seeblick"}]},{"@type":"WebSite","@id":"https://www.resortanticoverbano.com/de/#website","url":"https://www.resortanticoverbano.com/de/","name":"Resort Antico Verbano","description":"","publisher":{"@id":"https://www.resortanticoverbano.com/de/#organization"},"potentialAction":[{"@type":"SearchAction","target":{"@type":"EntryPoint","urlTemplate":"https://www.resortanticoverbano.com/de/?s={search_term_string}"},"query-input":"required name=search_term_string"}],"inLanguage":"de-DE"},{"@type":"Organization","@id":"https://www.resortanticoverbano.com/de/#organization","name":"Resort Antico Verbano","url":"https://www.resortanticoverbano.com/de/","logo":{"@type":"ImageObject","inLanguage":"de-DE","@id":"https://www.resortanticoverbano.com/de/#/schema/logo/image/","url":"https://www.resortanticoverbano.com/wp-content/uploads/sites/66/2023/09/Logo-Antico-Verbano-2023.png","contentUrl":"https://www.resortanticoverbano.com/wp-content/uploads/sites/66/2023/09/Logo-Antico-Verbano-2023.png","width":500,"height":132,"caption":"Resort Antico Verbano"},"image":{"@id":"https://www.resortanticoverbano.com/de/#/schema/logo/image/"},"sameAs":["https://www.instagram.com/h.residence_anticoverbano/"]}]}</script>
<!-- / Yoast SEO plugin. -->

Superior-Familien-Ferienwohnung 2 Schlafzimmer mit spektakulärem Seeblick - Resort Antico Verbano

Großzügige und helle Ferienwohnung von ca. 70 m² für 4–6 Personen im Obergeschoss und auf zwei Etagen mit Balkon mit einem einzigartigen auf den See.  Bestehend aus einem Schlafzimmer mit Doppelbett, einem zweiten Schlafzimmer mit zwei Einzelbetten und einem Wohnzimmer mit Doppelschlafcouch und zwei Badezimmern.  Alle Wohnungen unterscheiden sich in Struktur, Ausstattung und Lage, was ihnen einen exklusiven Charakter verleiht.

Großzügige und helle Ferienwohnung von ca. 70 m² für 4–6 Personen im Obergeschoss und auf zwei Etagen mit Balkon mit einem einzigartigen auf den See. Bestehend aus einem Schlafzimmer mit Doppelbett, einem zweiten Schlafzimmer mit zwei Einzelbetten und einem Wohnzimmer mit Doppelschlafcouch und zwei Badezimmern. Alle Wohnungen unterscheiden sich in Struktur, Ausstattung und Lage, was ihnen einen exklusiven Charakter verleiht.
