{"id":1402,"date":"2023-09-26T09:08:06","date_gmt":"2023-09-26T09:08:06","guid":{"rendered":"https:\/\/www.resortanticoverbano.com\/sample-page\/"},"modified":"2025-11-28T13:59:24","modified_gmt":"2025-11-28T13:59:24","slug":"resort-antico-verbano","status":"publish","type":"page","link":"https:\/\/www.resortanticoverbano.com\/fr\/","title":{"rendered":"Bienvenue au Resort Antico Verbano"},"content":{"rendered":"\r\n<p>\u00c0 seulement une heure de Milan et de la Suisse, surplombant les rives pi\u00e9montaises du lac Majeur, cette ancienne demeure de\u00a01765 b\u00e9n\u00e9ficie d\u2019une position exclusive pieds dans l\u2019eau et d\u2019une vue spectaculaire sur le lac et le c\u00e9l\u00e8bre ch\u00e2teau Rocca di Angera.<\/p>\r\n<p>Le restaurant, g\u00e9r\u00e9 s\u00e9par\u00e9ment, et le bistrot, situ\u00e9 \u00e0 l\u2019int\u00e9rieur de l\u2019\u00e9tablissement, les services offerts, l\u2019emplacement et le soin dans l\u2019ameublement int\u00e9rieur des appartements permettent \u00e0 nos clients de vivre des moments agr\u00e9ables sous le signe du confort et de la d\u00e9tente.<\/p>\r\n<p>Les deux piscines, pour adultes et enfants, et l\u2019espace solarium avec acc\u00e8s priv\u00e9 au lac compl\u00e8tent ce complexe dont le caract\u00e8re unique est conf\u00e9r\u00e9 par sa charmante position directe sur l\u2019eau. Les animaux domestiques sont les bienvenus dans notre \u00e9tablissement, mais ne sont pas admis dans la zone de la piscine avec les parasols.<\/p>\r\n","protected":false},"excerpt":{"rendered":"<p>\u00c0 seulement une heure de Milan et de la Suisse, surplombant les rives pi\u00e9montaises du lac Majeur, cette ancienne demeure de\u00a01765 b\u00e9n\u00e9ficie d\u2019une position exclusive pieds dans l\u2019eau et d\u2019une vue spectaculaire sur le lac et le c\u00e9l\u00e8bre ch\u00e2teau Rocca di Angera. Le restaurant, g\u00e9r\u00e9 s\u00e9par\u00e9ment, et le bistrot, situ\u00e9 \u00e0 l\u2019int\u00e9rieur de l\u2019\u00e9tablissement, les [&hellip;]<\/p>\n","protected":false},"author":12,"featured_media":2001,"parent":0,"menu_order":0,"comment_status":"closed","ping_status":"closed","template":"","meta":{"footnotes":""},"yoast_head":"<!-- This site is optimized with the Yoast SEO plugin v22.3 - https:\/\/yoast.com\/wordpress\/plugins\/seo\/ -->\n<title>Bienvenue au Resort Antico Verbano - Resort Antico Verbano<\/title>\n<meta name=\"description\" content=\"Resort Antico Verbano\" \/>\n<meta name=\"robots\" content=\"index, follow, max-snippet:-1, max-image-preview:large, max-video-preview:-1\" \/>\n<link rel=\"canonical\" href=\"https:\/\/www.resortanticoverbano.com\/fr\/\" \/>\n<meta property=\"og:locale\" content=\"fr_FR\" \/>\n<meta property=\"og:type\" content=\"article\" \/>\n<meta property=\"og:title\" content=\"Bienvenue au Resort Antico Verbano - Resort Antico Verbano\" \/>\n<meta property=\"og:description\" content=\"Resort Antico Verbano\" \/>\n<meta property=\"og:url\" content=\"https:\/\/www.resortanticoverbano.com\/fr\/\" \/>\n<meta property=\"og:site_name\" content=\"Resort Antico Verbano\" \/>\n<meta property=\"article:modified_time\" content=\"2025-11-28T13:59:24+00:00\" \/>\n<meta property=\"og:image\" content=\"http:\/\/www.resortanticoverbano.com\/wp-content\/uploads\/sites\/66\/2025\/04\/esterni-14.jpg\" \/>\n\t<meta property=\"og:image:width\" content=\"1800\" \/>\n\t<meta property=\"og:image:height\" content=\"1200\" \/>\n\t<meta property=\"og:image:type\" content=\"image\/jpeg\" \/>\n<meta name=\"twitter:card\" content=\"summary_large_image\" \/>\n<meta name=\"twitter:label1\" content=\"Dur\u00e9e de lecture estim\u00e9e\" \/>\n\t<meta name=\"twitter:data1\" content=\"1 minute\" \/>\n<script type=\"application\/ld+json\" class=\"yoast-schema-graph\">{\"@context\":\"https:\/\/schema.org\",\"@graph\":[{\"@type\":\"WebPage\",\"@id\":\"https:\/\/www.resortanticoverbano.com\/fr\/\",\"url\":\"https:\/\/www.resortanticoverbano.com\/fr\/\",\"name\":\"Bienvenue au Resort Antico Verbano - Resort Antico Verbano\",\"isPartOf\":{\"@id\":\"https:\/\/www.resortanticoverbano.com\/fr\/#website\"},\"primaryImageOfPage\":{\"@id\":\"https:\/\/www.resortanticoverbano.com\/fr\/#primaryimage\"},\"image\":{\"@id\":\"https:\/\/www.resortanticoverbano.com\/fr\/#primaryimage\"},\"thumbnailUrl\":\"https:\/\/www.resortanticoverbano.com\/wp-content\/uploads\/sites\/66\/2025\/04\/esterni-14.jpg\",\"datePublished\":\"2023-09-26T09:08:06+00:00\",\"dateModified\":\"2025-11-28T13:59:24+00:00\",\"description\":\"Resort Antico Verbano\",\"breadcrumb\":{\"@id\":\"https:\/\/www.resortanticoverbano.com\/fr\/#breadcrumb\"},\"inLanguage\":\"fr-FR\",\"potentialAction\":[{\"@type\":\"ReadAction\",\"target\":[\"https:\/\/www.resortanticoverbano.com\/fr\/\"]}]},{\"@type\":\"ImageObject\",\"inLanguage\":\"fr-FR\",\"@id\":\"https:\/\/www.resortanticoverbano.com\/fr\/#primaryimage\",\"url\":\"https:\/\/www.resortanticoverbano.com\/wp-content\/uploads\/sites\/66\/2025\/04\/esterni-14.jpg\",\"contentUrl\":\"https:\/\/www.resortanticoverbano.com\/wp-content\/uploads\/sites\/66\/2025\/04\/esterni-14.jpg\",\"width\":1800,\"height\":1200},{\"@type\":\"BreadcrumbList\",\"@id\":\"https:\/\/www.resortanticoverbano.com\/fr\/#breadcrumb\",\"itemListElement\":[{\"@type\":\"ListItem\",\"position\":1,\"name\":\"Home\",\"item\":\"https:\/\/www.resortanticoverbano.com\/fr\/\"},{\"@type\":\"ListItem\",\"position\":2,\"name\":\"Bienvenue au Resort Antico Verbano\"}]},{\"@type\":\"WebSite\",\"@id\":\"https:\/\/www.resortanticoverbano.com\/fr\/#website\",\"url\":\"https:\/\/www.resortanticoverbano.com\/fr\/\",\"name\":\"Resort Antico Verbano\",\"description\":\"\",\"publisher\":{\"@id\":\"https:\/\/www.resortanticoverbano.com\/fr\/#organization\"},\"potentialAction\":[{\"@type\":\"SearchAction\",\"target\":{\"@type\":\"EntryPoint\",\"urlTemplate\":\"https:\/\/www.resortanticoverbano.com\/fr\/?s={search_term_string}\"},\"query-input\":\"required name=search_term_string\"}],\"inLanguage\":\"fr-FR\"},{\"@type\":\"Organization\",\"@id\":\"https:\/\/www.resortanticoverbano.com\/fr\/#organization\",\"name\":\"Resort Antico Verbano\",\"url\":\"https:\/\/www.resortanticoverbano.com\/fr\/\",\"logo\":{\"@type\":\"ImageObject\",\"inLanguage\":\"fr-FR\",\"@id\":\"https:\/\/www.resortanticoverbano.com\/fr\/#\/schema\/logo\/image\/\",\"url\":\"https:\/\/www.resortanticoverbano.com\/wp-content\/uploads\/sites\/66\/2023\/09\/Logo-Antico-Verbano-2023.png\",\"contentUrl\":\"https:\/\/www.resortanticoverbano.com\/wp-content\/uploads\/sites\/66\/2023\/09\/Logo-Antico-Verbano-2023.png\",\"width\":500,\"height\":132,\"caption\":\"Resort Antico Verbano\"},\"image\":{\"@id\":\"https:\/\/www.resortanticoverbano.com\/fr\/#\/schema\/logo\/image\/\"},\"sameAs\":[\"https:\/\/www.instagram.com\/h.residence_anticoverbano\/\"]}]}<\/script>\n<!-- \/ Yoast SEO plugin. -->","yoast_head_json":{"title":"Bienvenue au Resort Antico Verbano - Resort Antico Verbano","description":"Resort Antico Verbano","robots":{"index":"index","follow":"follow","max-snippet":"max-snippet:-1","max-image-preview":"max-image-preview:large","max-video-preview":"max-video-preview:-1"},"canonical":"https:\/\/www.resortanticoverbano.com\/fr\/","og_locale":"fr_FR","og_type":"article","og_title":"Bienvenue au Resort Antico Verbano - Resort Antico Verbano","og_description":"Resort Antico Verbano","og_url":"https:\/\/www.resortanticoverbano.com\/fr\/","og_site_name":"Resort Antico Verbano","article_modified_time":"2025-11-28T13:59:24+00:00","og_image":[{"width":1800,"height":1200,"url":"http:\/\/www.resortanticoverbano.com\/wp-content\/uploads\/sites\/66\/2025\/04\/esterni-14.jpg","type":"image\/jpeg"}],"twitter_card":"summary_large_image","twitter_misc":{"Dur\u00e9e de lecture estim\u00e9e":"1 minute"},"schema":{"@context":"https:\/\/schema.org","@graph":[{"@type":"WebPage","@id":"https:\/\/www.resortanticoverbano.com\/fr\/","url":"https:\/\/www.resortanticoverbano.com\/fr\/","name":"Bienvenue au Resort Antico Verbano - Resort Antico Verbano","isPartOf":{"@id":"https:\/\/www.resortanticoverbano.com\/fr\/#website"},"primaryImageOfPage":{"@id":"https:\/\/www.resortanticoverbano.com\/fr\/#primaryimage"},"image":{"@id":"https:\/\/www.resortanticoverbano.com\/fr\/#primaryimage"},"thumbnailUrl":"https:\/\/www.resortanticoverbano.com\/wp-content\/uploads\/sites\/66\/2025\/04\/esterni-14.jpg","datePublished":"2023-09-26T09:08:06+00:00","dateModified":"2025-11-28T13:59:24+00:00","description":"Resort Antico Verbano","breadcrumb":{"@id":"https:\/\/www.resortanticoverbano.com\/fr\/#breadcrumb"},"inLanguage":"fr-FR","potentialAction":[{"@type":"ReadAction","target":["https:\/\/www.resortanticoverbano.com\/fr\/"]}]},{"@type":"ImageObject","inLanguage":"fr-FR","@id":"https:\/\/www.resortanticoverbano.com\/fr\/#primaryimage","url":"https:\/\/www.resortanticoverbano.com\/wp-content\/uploads\/sites\/66\/2025\/04\/esterni-14.jpg","contentUrl":"https:\/\/www.resortanticoverbano.com\/wp-content\/uploads\/sites\/66\/2025\/04\/esterni-14.jpg","width":1800,"height":1200},{"@type":"BreadcrumbList","@id":"https:\/\/www.resortanticoverbano.com\/fr\/#breadcrumb","itemListElement":[{"@type":"ListItem","position":1,"name":"Home","item":"https:\/\/www.resortanticoverbano.com\/fr\/"},{"@type":"ListItem","position":2,"name":"Bienvenue au Resort Antico Verbano"}]},{"@type":"WebSite","@id":"https:\/\/www.resortanticoverbano.com\/fr\/#website","url":"https:\/\/www.resortanticoverbano.com\/fr\/","name":"Resort Antico Verbano","description":"","publisher":{"@id":"https:\/\/www.resortanticoverbano.com\/fr\/#organization"},"potentialAction":[{"@type":"SearchAction","target":{"@type":"EntryPoint","urlTemplate":"https:\/\/www.resortanticoverbano.com\/fr\/?s={search_term_string}"},"query-input":"required name=search_term_string"}],"inLanguage":"fr-FR"},{"@type":"Organization","@id":"https:\/\/www.resortanticoverbano.com\/fr\/#organization","name":"Resort Antico Verbano","url":"https:\/\/www.resortanticoverbano.com\/fr\/","logo":{"@type":"ImageObject","inLanguage":"fr-FR","@id":"https:\/\/www.resortanticoverbano.com\/fr\/#\/schema\/logo\/image\/","url":"https:\/\/www.resortanticoverbano.com\/wp-content\/uploads\/sites\/66\/2023\/09\/Logo-Antico-Verbano-2023.png","contentUrl":"https:\/\/www.resortanticoverbano.com\/wp-content\/uploads\/sites\/66\/2023\/09\/Logo-Antico-Verbano-2023.png","width":500,"height":132,"caption":"Resort Antico Verbano"},"image":{"@id":"https:\/\/www.resortanticoverbano.com\/fr\/#\/schema\/logo\/image\/"},"sameAs":["https:\/\/www.instagram.com\/h.residence_anticoverbano\/"]}]}},"acf":[],"_links":{"self":[{"href":"https:\/\/www.resortanticoverbano.com\/fr\/wp-json\/wp\/v2\/pages\/1402"}],"collection":[{"href":"https:\/\/www.resortanticoverbano.com\/fr\/wp-json\/wp\/v2\/pages"}],"about":[{"href":"https:\/\/www.resortanticoverbano.com\/fr\/wp-json\/wp\/v2\/types\/page"}],"author":[{"embeddable":true,"href":"https:\/\/www.resortanticoverbano.com\/fr\/wp-json\/wp\/v2\/users\/12"}],"replies":[{"embeddable":true,"href":"https:\/\/www.resortanticoverbano.com\/fr\/wp-json\/wp\/v2\/comments?post=1402"}],"version-history":[{"count":0,"href":"https:\/\/www.resortanticoverbano.com\/fr\/wp-json\/wp\/v2\/pages\/1402\/revisions"}],"wp:featuredmedia":[{"embeddable":true,"href":"https:\/\/www.resortanticoverbano.com\/fr\/wp-json\/wp\/v2\/media\/2001"}],"wp:attachment":[{"href":"https:\/\/www.resortanticoverbano.com\/fr\/wp-json\/wp\/v2\/media?parent=1402"}],"curies":[{"name":"wp","href":"https:\/\/api.w.org\/{rel}","templated":true}]}}

<p>À seulement une heure de Milan et de la Suisse, surplombant les rives piémontaises du lac Majeur, cette ancienne demeure de 1765 bénéficie d’une position exclusive pieds dans l’eau et d’une vue spectaculaire sur le lac et le célèbre château Rocca di Angera.</p>
<p>Le restaurant, géré séparément, et le bistrot, situé à l’intérieur de l’établissement, les services offerts, l’emplacement et le soin dans l’ameublement intérieur des appartements permettent à nos clients de vivre des moments agréables sous le signe du confort et de la détente.</p>
<p>Les deux piscines, pour adultes et enfants, et l’espace solarium avec accès privé au lac complètent ce complexe dont le caractère unique est conféré par sa charmante position directe sur l’eau. Les animaux domestiques sont les bienvenus dans notre établissement, mais ne sont pas admis dans la zone de la piscine avec les parasols.</p>

<p>À seulement une heure de Milan et de la Suisse, surplombant les rives piémontaises du lac Majeur, cette ancienne demeure de 1765 bénéficie d’une position exclusive pieds dans l’eau et d’une vue spectaculaire sur le lac et le célèbre château Rocca di Angera. Le restaurant, géré séparément, et le bistrot, situé à l’intérieur de l’établissement, les [&hellip;]</p>

<!-- This site is optimized with the Yoast SEO plugin v22.3 - https://yoast.com/wordpress/plugins/seo/ -->
<title>Bienvenue au Resort Antico Verbano - Resort Antico Verbano</title>
<meta name="description" content="Resort Antico Verbano" />
<meta name="robots" content="index, follow, max-snippet:-1, max-image-preview:large, max-video-preview:-1" />
<link rel="canonical" href="https://www.resortanticoverbano.com/fr/" />
<meta property="og:locale" content="fr_FR" />
<meta property="og:type" content="article" />
<meta property="og:title" content="Bienvenue au Resort Antico Verbano - Resort Antico Verbano" />
<meta property="og:description" content="Resort Antico Verbano" />
<meta property="og:url" content="https://www.resortanticoverbano.com/fr/" />
<meta property="og:site_name" content="Resort Antico Verbano" />
<meta property="article:modified_time" content="2025-11-28T13:59:24+00:00" />
<meta property="og:image" content="http://www.resortanticoverbano.com/wp-content/uploads/sites/66/2025/04/esterni-14.jpg" />
	<meta property="og:image:width" content="1800" />
	<meta property="og:image:height" content="1200" />
	<meta property="og:image:type" content="image/jpeg" />
<meta name="twitter:card" content="summary_large_image" />
<meta name="twitter:label1" content="Durée de lecture estimée" />
	<meta name="twitter:data1" content="1 minute" />
<script type="application/ld+json" class="yoast-schema-graph">{"@context":"https://schema.org","@graph":[{"@type":"WebPage","@id":"https://www.resortanticoverbano.com/fr/","url":"https://www.resortanticoverbano.com/fr/","name":"Bienvenue au Resort Antico Verbano - Resort Antico Verbano","isPartOf":{"@id":"https://www.resortanticoverbano.com/fr/#website"},"primaryImageOfPage":{"@id":"https://www.resortanticoverbano.com/fr/#primaryimage"},"image":{"@id":"https://www.resortanticoverbano.com/fr/#primaryimage"},"thumbnailUrl":"https://www.resortanticoverbano.com/wp-content/uploads/sites/66/2025/04/esterni-14.jpg","datePublished":"2023-09-26T09:08:06+00:00","dateModified":"2025-11-28T13:59:24+00:00","description":"Resort Antico Verbano","breadcrumb":{"@id":"https://www.resortanticoverbano.com/fr/#breadcrumb"},"inLanguage":"fr-FR","potentialAction":[{"@type":"ReadAction","target":["https://www.resortanticoverbano.com/fr/"]}]},{"@type":"ImageObject","inLanguage":"fr-FR","@id":"https://www.resortanticoverbano.com/fr/#primaryimage","url":"https://www.resortanticoverbano.com/wp-content/uploads/sites/66/2025/04/esterni-14.jpg","contentUrl":"https://www.resortanticoverbano.com/wp-content/uploads/sites/66/2025/04/esterni-14.jpg","width":1800,"height":1200},{"@type":"BreadcrumbList","@id":"https://www.resortanticoverbano.com/fr/#breadcrumb","itemListElement":[{"@type":"ListItem","position":1,"name":"Home","item":"https://www.resortanticoverbano.com/fr/"},{"@type":"ListItem","position":2,"name":"Bienvenue au Resort Antico Verbano"}]},{"@type":"WebSite","@id":"https://www.resortanticoverbano.com/fr/#website","url":"https://www.resortanticoverbano.com/fr/","name":"Resort Antico Verbano","description":"","publisher":{"@id":"https://www.resortanticoverbano.com/fr/#organization"},"potentialAction":[{"@type":"SearchAction","target":{"@type":"EntryPoint","urlTemplate":"https://www.resortanticoverbano.com/fr/?s={search_term_string}"},"query-input":"required name=search_term_string"}],"inLanguage":"fr-FR"},{"@type":"Organization","@id":"https://www.resortanticoverbano.com/fr/#organization","name":"Resort Antico Verbano","url":"https://www.resortanticoverbano.com/fr/","logo":{"@type":"ImageObject","inLanguage":"fr-FR","@id":"https://www.resortanticoverbano.com/fr/#/schema/logo/image/","url":"https://www.resortanticoverbano.com/wp-content/uploads/sites/66/2023/09/Logo-Antico-Verbano-2023.png","contentUrl":"https://www.resortanticoverbano.com/wp-content/uploads/sites/66/2023/09/Logo-Antico-Verbano-2023.png","width":500,"height":132,"caption":"Resort Antico Verbano"},"image":{"@id":"https://www.resortanticoverbano.com/fr/#/schema/logo/image/"},"sameAs":["https://www.instagram.com/h.residence_anticoverbano/"]}]}</script>
<!-- / Yoast SEO plugin. -->
